8*b + 238. Let r = 17 - 52. What are the prime factors of b/r - (-2)/5?
5
Let a(l) = 13*l + 6. Let k be a(2). What are the prime factors of k/(-2 - 5/(-2))?
2
What are the prime factors of (60/16)/(-3*1/(-400))?
2, 5
Suppose 0 = 4*f - 8, g + 12 = -g - 5*f. Let h = g - -155. What are the prime factors of h?
2, 3
Let n(v) be the first derivative of v**5/60 - 5*v**4/24 + 5*v**2/2 - 1. Let d(y) be the second derivative of n(y). List the prime factors of d(6).
2, 3
Let f be 1 + 2 + -41 + 2. Suppose 0 = -15*y + 26*y + 737. Let n = f - y. List the prime factors of n.
31
Let r = 202 + 11. List the prime factors of r.
3, 71
Suppose 5*s - 23 = 4*u, -5*u + 1 = -2*s - 0. Suppose -s*n + 20 = -3*n. Let d = n - -5. List the prime factors of d.
2, 5
Let o be (-1220)/(-34) - 2/(-17). Let q = -4 - -35. Let m = o - q. List the prime factors of m.
5
Let w(h) be the second derivative of -2*h**3/3 + 5*h**2/2 - 2*h. Let t(z) = -z**2 + 4*z - 10. Let u be t(3). List the prime factors of w(u).
3, 11
What are the prime factors of ((-1)/(3/957))/(-1) - -3?
2, 7, 23
Suppose -3 = 4*x - 19. Suppose 2*z - 5*f - 84 = 0, 152 = x*z + 5*f - 76. List the prime factors of z.
2, 13
Let u(x) = -x**3 + x**2 + 2*x + 786. What are the prime factors of u(0)?
2, 3, 131
List the prime factors of ((-504)/16)/21 - 1429/(-2).
23, 31
Suppose -h + 712 = 3*f - 2*h, 2*f - 476 = h. Suppose 2*c - 3*a - 108 = 0, 4*c - 5*a - f = -20. List the prime factors of c.
2, 3
Suppose 5*s + 13 = 2*x + 48, x = s - 10. Suppose 6*q - 136 = s*q. Suppose 10*v - q = 6*v. What are the prime factors of v?
2, 17
Suppose 14*i + 1038 = 17*i. List the prime factors of 14/49 + i/14.
5
Let o(m) = -m**2 + 27*m - 8. Let i(n) = 1. Let c(k) = -4*i(k) + o(k). List the prime factors of c(13).
2, 5, 17
Let m(b) = 15*b - 293. What are the prime factors of m(34)?
7, 31
Let g be 37/(-4)*(2/(-1) + -122). Suppose g = 6*u - 449. What are the prime factors of u?
2, 7, 19
Suppose -3*y + 3*j + 21 = 0, -5*y = 5*j + 11 + 4. Suppose y*i - 181 = 215. Suppose -2*l - 3*n = -119, 5*l + 4*n = i + 110. What are the prime factors of l?
2
Suppose -2*z + 36 = 2*j, -4*z + 3*j = -110 + 24. Suppose -2 = -2*k, 3*u + k - 14 = z. List the prime factors of u.
11
Let k(b) = -16*b + 25. Let r(u) = 3*u - 5. Let x(c) = 2*k(c) + 11*r(c). Let f be x(5). Suppose -2*n = -f*n - 24. What are the prime factors of n?
2, 3
List the prime factors of (-9)/12 + (-14190)/(-40).
2, 3, 59
Let w be 87/58*(-4)/(-6). Let l(x) = 89*x**3 - 2*x**2 + 3. List the prime factors of l(w).
2, 3, 5
Let r = 3 - 2. Let q be (-2)/(4 + -2 + -1). What are the prime factors of q - r - -2 - -22?
3, 7
Suppose -7*a - 1208 - 738 = 0. Let k = -162 - a. List the prime factors of k.
2, 29
Suppose 2*z + 5*n + 12 = 0, -5*z = -0*z - 2*n + 1. Let j be (1 - z)/((-2)/39). Let k = -13 - j. What are the prime factors of k?
2, 13
Suppose f + 16 = -7. Let b = f - -64. What are the prime factors of b?
41
Let d = -56 - -395. List the prime factors of d.
3, 113
Let a(o) = -o**2 + 7*o - 6. Let q be a(5). Suppose q*n = 5*n + s - 96, 5*n - 471 = -2*s. Suppose 29 = u - i, -29 = 2*u + i - n. List the prime factors of u.
31
Suppose 5*b + z - 57 = -0*b, 0 = -3*b - 4*z + 24. Let d(o) be the first derivative of -o**4/4 + 13*o**3/3 - 5*o**2 - 3*o - 3. List the prime factors of d(b).
3, 7
Let r be (908 - -2)*2/(-5). Let c be (-3)/(r/352 - -1). Let z = -29 + c. List the prime factors of z.
59
Let g(k) = -k**2 + 6*k + 3. Let p be g(6). Suppose -248 = -p*q + 61. Let m = q + -62. What are the prime factors of m?
41
Let d(u) be the third derivative of -u**5/120 + u**4/24 + u**3/2 - 3*u**2. Let l(k) be the first derivative of d(k). What are the prime factors of l(-4)?
5
Suppose -w + 0 = -5. Suppose -3*l = l - 2*b - 170, 5*b = w*l - 205. What are the prime factors of l?
2, 11
Suppose -a = -1, -2*l + 4*a + 1 = -3. What are the prime factors of (-1576)/(-28) + l/(-14)?
2, 7
Let h = 1120 + -650. What are the prime factors of h?
2, 5, 47
Let v be (7 - 4)/((-12)/(-32)). Suppose -v*a = -5*a - 57. Let l = -5 + a. What are the prime factors of l?
2, 7
Suppose 24 = 2*b - 2. Let p = 11 - b. What are the prime factors of p*(4 + -4 + -20)?
2, 5
Suppose -5*s - 2*c + c = -57, -4*c = -2*s + 14. Suppose -3*k + 2*l + 27 = -l, -5*l = 3*k - s. List the prime factors of k.
7
What are the prime factors of (12/16 - 1) + (-125895)/(-44)?
2861
Let j(w) = -17*w - 39. Suppose -47*a = -49*a - 26. What are the prime factors of j(a)?
2, 7, 13
Let z be (-4)/(-12) - (-34)/6. Let p(s) = -s**3 + 8*s**2 + 2*s - 3. What are the prime factors of p(z)?
3
Let t = -5 + 5. Suppose 2*w + 4*y + 18 = t, 0 = -4*w - 4*y - 22 - 30. Let p = w + 35. List the prime factors of p.
2, 3
Let c(a) = -a + 5. Let k be c(2). Suppose -k*b = -r, 3*r = -b - 4*b - 70. Let y = -12 - r. What are the prime factors of y?
3
Let h(l) = -l**2 + 2*l - 403. Let g be h(0). Let x = -146 - g. List the prime factors of x.
257
Suppose 6*f = -206 + 980. What are the prime factors of f?
3, 43
Let y be 2/11 + (-1098)/(-11). Let s be y/6 - 4/(-12). Suppose -2*w - 3*g = -21, -7 + s = -2*g. List the prime factors of w.
2, 3
Suppose -5*j - 37 = -3*m, -j - 17 = -m + 3*j. Suppose 180 = 5*s - h, 2*s - h = -2*s + 143. Let c = s - m. List the prime factors of c.
2, 7
Let q = -91 + 82. Let a(k) = 3*k**2 + 9*k - 29. What are the prime factors of a(q)?
7, 19
List the prime factors of 162 + -6*4/(-24).
163
Let i = -15 - -24. Let f be (-4 - -1)/(i/(-24)). Suppose f = -3*v + 23. List the prime factors of v.
5
Let w = -9 - -1. Suppose -4*f + 0*o = -5*o - 94, 4*o + 29 = f. Let z = f + w. What are the prime factors of z?
13
Suppose -3*j - f + 1345 = 0, 1135 + 1101 = 5*j - 4*f. What are the prime factors of j?
2, 7
Let x = -741 - -1237. What are the prime factors of x?
2, 31
Suppose 0 = -5*v - 20, g + 4*v = 7*v + 12. Suppose h - 2*y - 89 = g, 0 = -3*y + 2*y + 1. List the prime factors of h.
7, 13
What are the prime factors of (-101 - 12)/(2*4/(-40))?
5, 113
Let w(k) = -k**3 + 5*k**2 - 3*k - 1. Let a be w(4). Suppose 0 = -3*p + a*z + 201, p - 48 = -3*z + 27. List the prime factors of p.
3, 23
Suppose -3*m - 1563 = -6*m - 3*p, p + 523 = m. What are the prime factors of m?
2, 3, 29
Suppose -w + 4*i = w - 322, 0 = 4*w - 3*i - 654. Suppose -5 + w = 5*l. List the prime factors of ((-120)/l)/(6/(-16)).
2, 5
Let z be (-1 + 3)/(-2)*-10. Let b(r) be the third derivative of r**4/3 - 4*r**3 + 46*r**2 + 3*r. List the prime factors of b(z).
2, 7
Suppose 0 = -3*w - 2*t + 518, 2*t = 12*w - 8*w - 672. Let c = w + -101. What are the prime factors of c?
3, 23
Let n(j) be the first derivative of j**4/12 + 5*j**3/3 - 6*j**2 - 6*j - 5. Let z(w) be the first derivative of n(w). List the prime factors of z(-13).
3
Let t = 0 + 0. Let i(d) = d - 13. Let g be i(16). Suppose -3*z = 2*r - 54, g*z - 60 = -t*z - 4*r. What are the prime factors of z?
2
Let y(c) = -25*c + 71. What are the prime factors of y(-7)?
2, 3, 41
Let y be (-4)/22 - 474/(-66). Let d be (2/(-12))/(y/(-42)). What are the prime factors of (d - 1) + (-5 - -31)?
2, 13
Let t = -4899 + 7363. What are the prime factors of t?
2, 7, 11
Suppose 23*o = 10274 + 1364. What are the prime factors of o?
2, 11, 23
Suppose -2 + 4 = -3*q - 2*v, -26 = -5*q + 4*v. Suppose -3*m - 5 = -0*m + 5*u, q*m = 3*u - 16. What are the prime factors of ((-15)/m)/((-3)/(-22))?
2, 11
Suppose 0 = 2*o + q + 665, 0*o + 4*o - 4*q + 1324 = 0. Let g be (-7)/21 + o/(-6). Let p = g + -32. What are the prime factors of p?
23
Let d = -254 - -375. Suppose -t + 3*z = 7*z + d, 4*z = 5*t + 629. What are the prime factors of (t/(-20))/((-1)/(-4))?
5
Let j(y) = 3*y + 15. Let w be j(-8). What are the prime factors of w/(-15) - (-828)/45?
19
Suppose 4*t - l - 183 = 0, -3*l = 4*t - 8*l - 195. Suppose 4*h - t = 51. Let k = h + -18. List the prime factors of k.
2, 3
Suppose -3*h + 5 + 4 = 3*y, -3*h = -2*y - 29. What are the prime factors of h?
7
Let l be 7*(-6*(-3)/(-6))/(-3). Suppose -235 = -l*j + 2*j. What are the prime factors of j?
47
Let n(x) = 8*x**2 - x - 3. Let p(u) = 2*u**2 + u + 3. Let q be p(0). List the prime factors of n(q).
2, 3, 11
Suppose 6*t = t + 1050. Let n = t - 77. What are the prime factors of n?
7, 19
Suppose -3453 = -8*b + 467. Let c = b + -348. What are the prime factors of c?
2, 71
Suppose 5*k = -4*o + k + 16060